{"id":8,"date":"2019-05-19T00:08:44","date_gmt":"2019-05-19T03:08:44","guid":{"rendered":"https:\/\/portalvagas.com\/app\/?page_id=8"},"modified":"2019-05-30T00:30:24","modified_gmt":"2019-05-30T03:30:24","slug":"sobre-o-app","status":"publish","type":"page","link":"https:\/\/portalvagas.com\/app\/sobre-o-app\/","title":{"rendered":"Conhe\u00e7a um pouco do nosso App"},"content":{"rendered":"<p><strong>Portal Vagas &#8211; Vagas de Emprego em Fortaleza e no Cear\u00e1<\/strong><\/p>\n<ul>\n<li>Bem-vindo ao Portal Vagas um aplicativo que vai te ajudar a conseguir seu pr\u00f3ximo emprego.<\/li>\n<li>Nosso aplicativo \u00e9 completamente grauito<\/li>\n<li>Temos parcerias com diversas empresas em Fortaleza e no Cear\u00e1<\/li>\n<li>Voc\u00ea vai conseguir compartilhar as vagas com seus amigos sem pagar nada por isso<\/li>\n<li>Temos atualiza\u00e7\u00e3o de novas vagas todos os dias nas mais diversas \u00e1reas<\/li>\n<li>Cadastro no aplicativo n\u00e3o \u00e9 obrigat\u00f3rio, ent\u00e3o voc\u00ea consegue acessar as vagas sem se cadastrar.<\/li>\n<\/ul>\n<p>&#8211; D\u00favidas ou sugest\u00f5es<strong> app@portalvagas.com<\/strong><br \/>\n&#8211; Essa \u00e9 a primeira vers\u00e3o do nosso aplicativo, ent\u00e3o fique ligado em breve teremos novidades.<\/p>\n","protected":false},"excerpt":{"rendered":"<p>Portal Vagas &#8211; Vagas de Emprego em Fortaleza e no Cear\u00e1 Bem-vindo ao Portal Vagas um aplicativo que vai te ajudar a conseguir seu pr\u00f3ximo emprego. Nosso aplicativo \u00e9 completamente grauito Temos parcerias com diversas empresas em Fortaleza e no Cear\u00e1 Voc\u00ea vai conseguir compartilhar as vagas com seus amigos sem pagar nada por isso&nbsp;&hellip;<\/p>\n","protected":false},"author":1,"featured_media":142,"parent":0,"menu_order":0,"comment_status":"closed","ping_status":"closed","template":"","meta":{"footnotes":""},"class_list":["post-8","page","type-page","status-publish","has-post-thumbnail","hentry"],"_links":{"self":[{"href":"https:\/\/portalvagas.com\/app\/wp-json\/wp\/v2\/pages\/8","targetHints":{"allow":["GET"]}}],"collection":[{"href":"https:\/\/portalvagas.com\/app\/wp-json\/wp\/v2\/pages"}],"about":[{"href":"https:\/\/portalvagas.com\/app\/wp-json\/wp\/v2\/types\/page"}],"author":[{"embeddable":true,"href":"https:\/\/portalvagas.com\/app\/wp-json\/wp\/v2\/users\/1"}],"replies":[{"embeddable":true,"href":"https:\/\/portalvagas.com\/app\/wp-json\/wp\/v2\/comments?post=8"}],"version-history":[{"count":5,"href":"https:\/\/portalvagas.com\/app\/wp-json\/wp\/v2\/pages\/8\/revisions"}],"predecessor-version":[{"id":197,"href":"https:\/\/portalvagas.com\/app\/wp-json\/wp\/v2\/pages\/8\/revisions\/197"}],"wp:featuredmedia":[{"embeddable":true,"href":"https:\/\/portalvagas.com\/app\/wp-json\/wp\/v2\/media\/142"}],"wp:attachment":[{"href":"https:\/\/portalvagas.com\/app\/wp-json\/wp\/v2\/media?parent=8"}],"curies":[{"name":"wp","href":"https:\/\/api.w.org\/{rel}","templated":true}]}}